+ 152. Suppose 11*z - 388 - u = 0. Let d = 391 + 148. Calculate the highest common divisor of z and d.
49
Let f(b) = 7*b**2 + 75*b + 394. Let r be f(-10). Calculate the greatest common divisor of r and 10922.
86
Suppose 29*v - 28*v = 4. Suppose -v*s = 3*s - 35. Suppose 3*k - 67 = -g, k + 1 = -0*k - s*g. Calculate the highest common factor of k and 120.
24
Suppose 3*n + k - 275 = 0, 144*n + 185 = 146*n + k. Suppose -2*l + 10 = -10. Calculate the greatest common factor of l and n.
10
Suppose 3*v - 4*f - 134 = 0, -6*f = v - 9*f - 38. Calculate the highest common factor of 120 and v.
10
Suppose 5*z + 4*s - s = 12369, -2 = s. Suppose -r = 8*r - z. Let g be 1/(-4) + (-202)/(-8). What is the highest common divisor of r and g?
25
Let j = 35 + -27. Suppose -i + 0*i = 2*d + j, -5*i = d - 5. Let x be 109 + -6*i/4 + 6. Calculate the greatest common factor of 14 and x.
14
Let v = -4369 - -4380. Suppose c = -0*w - w + 17, 3*w + 59 = 2*c. What is the highest common factor of v and c?
11
Let w be -1 + 449 - (32 - 24). What is the highest common factor of w and 495?
55
Suppose -27*v = -49*v + 1056. What is the greatest common divisor of v and 1500?
12
Let d = -30751 + 33114. What is the greatest common divisor of 221 and d?
17
Let c = 12207 + -11073. What is the highest common divisor of 126 and c?
126
Suppose -18*v + 17*v = -10. Suppose 4*i + 485 = 5*h + 5*i, 0 = -2*i + v. Calculate the greatest common factor of h and 6.
6
Let c(w) = -w**2 - 5*w - 1. Let s be c(-4). Suppose s*p - 28 + 27 = -n, -4*p = 12. What is the greatest common divisor of n and 470?
10
Suppose 8*u + 11578 = 11*u - 4*o, 21 = -3*o. Calculate the highest common factor of 308 and u.
154
Let o(t) = 19*t + 952. Let c be o(-50). What is the highest common factor of c and 554?
2
Suppose 341 - 306 = -5*a, 2*j - 19875 = -5*a. What is the greatest common divisor of 44 and j?
11
Suppose s - 65 = -4*f, 3*s + 26*f - 83 = 30*f. Suppose 0 = -0*j + j - 407. What is the greatest common factor of s and j?
37
Suppose -79*t + 57*t + 15972 = 0. Let o = 816 - t. Calculate the highest common factor of 4 and o.
2
Let h be (-2)/(-6) + 70/6. Let v(i) = i**2 - 13*i + 6. Let s be v(15). Calculate the highest common factor of s and h.
12
Suppose 390 = -369*u + 382*u. Calculate the highest common divisor of 1210 and u.
10
Suppose 76*u + 3*u - 30258 = -3*u. What is the highest common factor of u and 36?
9
Let s(j) be the third derivative of -j**4/6 + 127*j**3/6 + 2*j**2 - 5*j. Let k be s(29). Calculate the greatest common divisor of 110 and k.
11
Let q = 21522 + -12312. What is the highest common factor of q and 6?
6
Suppose 0 = -4*c + 5*d - 139 + 237, -3*c = 2*d - 108. Calculate the greatest common divisor of c and 544.
32
Let x = -92 - -108. Suppose -c = -2*v + 45, -x*v + 12*v + 81 = -5*c. What is the greatest common divisor of 312 and v?
24
Suppose 0*w = 7*w - 126. Let p = -566 - -962. Suppose -6*z - 5*z + p = 0. What is the greatest common divisor of w and z?
18
Let s be 4 - (-3 + 1 + 5). Let u be 81/36 - s/4. Suppose 297 = u*c - 143. Calculate the greatest common divisor of 22 and c.
22
Suppose -34*d - r = -26*d - 838, 0 = 2*d + 5*r - 200. Calculate the greatest common divisor of 2715 and d.
15
Let v = 95 + -87. Suppose -252 = -11*x + v*x. Suppose -24*z + x = -18*z. What is the highest common factor of z and 28?
14
Let o = 1293 + -941. Calculate the highest common divisor of 440 and o.
88
Let u(t) = -t**3 - t**2 + 4*t + 12. Let l be u(0). Let x be (-7)/(-7) + 3 + 4. What is the greatest common divisor of x and l?
4
Suppose -3*h + 2*h = 0. Suppose 134*j - 100*j = 102. Suppose -u + h*u = 2, 5*u = j*q - 127. Calculate the greatest common divisor of q and 351.
39
Let t = 13250 + -7987. Calculate the greatest common divisor of 277 and t.
277
Suppose -6*p - 284 = -2530 - 7096. What is the greatest common factor of p and 54?
9
Let k = -2590 - -2761. Calculate the highest common factor of 266 and k.
19
Let s = -282 - -1317. Calculate the greatest common divisor of 115 and s.
115
Let t be 103 + (2 - (-9)/3). Let z(x) = -7*x + 21*x + 4 - x**2 + 2*x + 8. Let g be z(15). What is the greatest common factor of t and g?
27
Let p = -67 + 177. Let z be (-1)/((-111)/p + 1). Suppose 0*j + z = 3*j + 2*h, -3*h - 120 = -3*j. What is the highest common divisor of 418 and j?
38
Let q = -14236 - -16976. Calculate the greatest common factor of 80 and q.
20
Let j = 85 + -84. Let x be ((6/(-4))/j)/(18/(-48)). Suppose -o - 1357 = -3*v, -2*v + 1788 = 2*v + x*o. Calculate the greatest common factor of v and 41.
41
Let k = 202 + -197. Suppose -c + 6*p + 200 = 4*p, k*p = 3*c - 599. Calculate the greatest common divisor of 36 and c.
18
Suppose -47*d + 23069 = -32914 - 10193. Let q(a) = a + 22. Let x be q(0). What is the highest common divisor of x and d?
22
Let q(h) = -13*h - 9. Let y be (-4)/14 - 176/(-28). Let o = y - 9. Let a be q(o). Calculate the highest common factor of 6 and a.
6
Let t = -5877 + 9967. What is the highest common factor of t and 10?
10
Suppose a = -4*u + 28 - 4, 2*a - 3*u = 4. Let z be (30/a)/((-132)/(-352)). Calculate the greatest common factor of 470 and z.
10
Let q(h) = 582*h + 3607. Let o be q(-6). Calculate the greatest common factor of o and 9315.
115
Let m = 381 - 189. What is the highest common factor of 648 and m?
24
Suppose 0 = 5*q + 2*n - 20, -3*n = 9*q - 8*q - 4. Suppose 0 = q*i - 29 - 3. What is the highest common factor of 216 and i?
8
Suppose 1375*p - 1390*p - 349 + 3484 = 0. What is the highest common factor of 1529 and p?
11
Let q be -37*16/(-1184) - (-107)/2. What is the greatest common factor of q and 7?
1
Let p be (241/2 + 1)*2. Suppose -5*l + 65 = -4*z, 49 = 3*l + 4*z + 42. What is the greatest common divisor of l and p?
9
Let n(f) = 678*f + 7476. Let y be n(-11). What is the greatest common factor of y and 3630?
6
Let c be (-7584)/(-12) + 192/(-16). Calculate the greatest common factor of 140 and c.
20
Suppose 298*y - 44604 = 62*y. What is the highest common divisor of 1407 and y?
21
Let j(i) = -3*i**3 + 302*i**2 + 121*i - 130. Let g be j(101). What is the highest common divisor of 84 and g?
42
Let o(k) = 13*k - 31. Let z(f) = f**2 - 12*f - 26. Let w be z(15). Let q be o(w). What is the greatest common divisor of 72 and q?
72
Let v(r) = -40*r - 10*r + 28*r**2 - r**3 + 3*r**2 - 3*r**2. Let q be v(26). Suppose -993 = -6*l + 255. Calculate the highest common divisor of q and l.
52
Let u be (24/(-20))/((-21)/(-70)) - -60. Suppose j - 29 = -0. Suppose 0 = c + g - j, -c + 4*g + 27 = 3. What is the greatest common divisor of u and c?
28
Suppose -114 = -5*o + 531. Calculate the highest common factor of o and 3741.
129
Suppose 0 = 3*p + 2*p - 360. Suppose 6*i = -4*i + 1100. Let w be -5 - (i/(-2) - -2). Calculate the greatest common divisor of p and w.
24
Let a be 360105/75 - (3 - 23/5 - -3). What is the greatest common divisor of 128 and a?
64
Let u be (-3 + 3674)*((-1095)/(-99) - (-58)/(-957)). Calculate the greatest common factor of 11 and u.
11
Let k be (-5 + 73)*(-108)/(-16). Let d = -1468 - -1570. What is the greatest common divisor of k and d?
51
Let l(s) = 2*s - 10. Let b be l(9). Let z(p) = 3*p**2 - 6*p + 16. Let v be z(b). Calculate the highest common divisor of 5 and v.
5
Suppose -p + 18 = 2*p. Suppose 2*f - 4*f = -p, 0 = g + 2*f + 36. Let c = g - -48. Calculate the greatest common divisor of c and 30.
6
Suppose -2023 = 210*s - 4311 - 3802. What is the greatest common factor of 30276 and s?
29
Let o = 52 - -20. Let u = o + -69. Suppose 2*a - 507 = -u*c - 2*a, 3*a = -3*c + 507. Calculate the highest common factor of 13 and c.
13
Suppose 163 = 2*t - 5*x, t - 439 = -5*t + 5*x. What is the greatest common divisor of 33 and t?
3
Let m = -11731 + 21843. What is the highest common divisor of 128 and m?
128
Let u be 8/(-64) - (1/6 + 753287/(-408)). Calculate the greatest common factor of u and 65.
13
Suppose 39*x + 38*x - 27*x = 650. Calculate the highest common factor of x and 689.
13
Suppose -8935 = -216*u - 2455. What is the greatest common divisor of u and 21945?
15
Suppose 3926*s - 32186 = -672*s. Let h(c) = -24*c**3 - 3*c**2 - 2*c + 1. Let y be h(-2). Let i = y - 94. What is the highest common divisor of s and i?
7
Let q = 28 + -22. Suppose 0 = -f + 1, -3*f = 4*g - 112 + 1. What is the greatest common